0).
0
Let c(f) = -3*f**3 + 107*f**2 - 727*f + 6. Determine c(10).
436
Let u(h) = 3*h**3 + 159*h**2 - 146*h + 749. What is u(-54)?
-115
Let w(l) = 14*l**2 + 68*l - 11351. Calculate w(-31).
-5
Let z(m) = -30210*m + 60483. What is z(2)?
63
Let d(l) = -608*l**2 + 113*l - 316. What is d(3)?
-5449
Let o(f) = -155*f**2 - 1884*f + 7535. Calculate o(4).
-2481
Let y(j) = -j**2 + 214*j - 11344. Give y(120).
-64
Let u(h) = -1465122*h + 30767556. Give u(21).
-6
Let g(u) = -538*u - 1625. What is g(-8)?
2679
Let q(w) = -w**3 + 16*w**2 + 145*w - 1995. What is q(18)?
-33
Let f(v) = -597*v + 105235. Determine f(176).
163
Let k(t) = -266*t - 236. Give k(1).
-502
Let n(x) = 12*x**3 + 361*x**2 - 69*x + 3. Give n(-30).
2973
Let t(x) = -14434*x - 144803. Determine t(-10).
-463
Let c(o) = 573*o + 28839. What is c(-50)?
189
Let c(s) = s**3 + 102*s**2 - 11*s - 750. Calculate c(-102).
372
Let p(d) = -2310*d + 9333. Calculate p(4).
93
Let s(m) = -9*m**2 + 1414*m + 4300. Give s(-3).
-23
Let o(x) = -x**3 + 95*x**2 + 2029*x + 196. What is o(113)?
-369
Let i(f) = 3463*f**2 - 20784*f + 14. Give i(6).
-22
Let t(g) = 276*g**2 + 470*g - 1. Calculate t(-3).
1073
Let y(h) = -53*h**3 + 59*h**2 + 5*h + 19. What is y(2)?
-159
Let y(f) = 19*f**3 - 170*f**2 - 62*f + 333. Determine y(9).
-144
Let h(w) = 6721*w - 1525660. Determine h(227).
7
Let c(q) = -q**2 + 2*q + 725. Give c(31).
-174
Let q(k) = 2*k**3 + 290*k**2 - 368*k - 53500. What is q(-145)?
-140
Let a(t) = -79*t - 15477. Give a(-196).
7
Let b(z) = -z**2 + 130*z + 523. Determine b(141).
-1028
Let j(l) = -9*l**2 - 3355*l - 48320. Give j(-15).
-20
Let q(t) = 3*t**3 - 467*t**2 + 292*t + 2794. What is q(155)?
4
Let s(g) = -8*g**2 - 21885*g + 21886. Calculate s(1).
-7
Let y(u) = 13052*u - 13367. What is y(1)?
-315
Let t(c) = -272*c + 31318. Determine t(122).
-1866
Let y(z) = 1003*z - 219683. Determine y(219).
-26
Let n(t) = t**2 - 99609*t + 2887819. Determine n(29).
-1
Let w(r) = -3610*r - 1050515. What is w(-291)?
-5
Let b(a) = 3709*a**2 + 1496*a + 1498. What is b(-1)?
3711
Let i(j) = j**3 - 17*j**2 + 47*j - 89. Calculate i(14).
-19
Let p(s) = -52*s**3 - 180*s**2 + 403*s + 8. Calculate p(-5).
-7
Let j(c) = -2*c**3 - 54*c**2 + 551*c - 311. What is j(-35)?
4
Let w(r) = -658*r**2 + 80911*r + 2820. Calculate w(123).
-9
Let o(s) = 14*s**2 + 650*s + 912. Give o(-45).
12
Let j(t) = 3*t**2 - 1237*t - 213520. What is j(-131)?
10
Let t(h) = h**2 + 68324*h + 3209027. Calculate t(-47).
8
Let n(o) = 2*o**3 - 188*o**2 - 199*o - 1127. What is n(95)?
-1982
Let p(o) = 2*o**3 + 280*o**2 - 280*o + 178. What is p(-141)?
-104
Let m(k) = k**2 - 314*k - 28697. Give m(-74).
15
Let u(l) = 1336*l + 8227. Give u(-6).
211
Let h(z) = -29*z**2 - 30877*z - 22317. Determine h(-1064).
27
Let f(t) = -5*t**3 - 45*t**2 - 2455*t - 25054. Calculate f(-10).
-4
Let q(p) = 4747*p + 4785. Calculate q(-1).
38
Let o(v) = 26701*v + 18717403. What is o(-701)?
2
Let g(b) = 102*b**2 + 1738*b - 57. Calculate g(-17).
-125
Let g(o) = 3075*o**2 - 17929*o - 3130. Give g(6).
-4
Let g(b) = 8*b**3 - 66*b**2 - 508*b + 4037. Give g(7).
-9
Let g(v) = -v**2 + 5489*v + 38479. Give g(-7).
7
Let l(k) = k**3 - 373*k**2 - 4414*k - 2091. What is l(-11)?
-1
Let h(n) = -4872*n + 48820. What is h(10)?
100
Let b(n) = -n**3 + 70*n**2 + 209*n + 122. Calculate b(-2).
-8
Let p(g) = 604009*g + 1207986. What is p(-2)?
-32
Let f(b) = 5*b**3 - 869*b**2 - 2833*b + 185. What is f(177)?
8
Let d(q) = 87005*q + 1479203. Give d(-17).
118
Let q(i) = -86306*i - 258723. Give q(-3).
195
Let d(y) = y**2 - 484*y + 12217. Determine d(457).
-122
Let t(o) = 3423*o + 1745737. Give t(-510).
7
Let j(h) = h**3 - 129*h**2 - 402*h + 351. Give j(132).
-441
Let u(y) = -240*y + 1749. Calculate u(7).
69
Let f(h) = 896*h + 12307. What is f(-14)?
-237
Let a(t) = -t**3 - 294*t**2 - 387*t + 57367. Give a(-292).
-157
Let y(d) = -d**2 - 21424*d + 944586. Determine y(44).
-6
Let a(p) = 18612*p - 223431. Give a(12).
-87
Let j(q) = -1995*q + 113695. What is j(57)?
-20
Let f(s) = 122*s**2 + 386*s + 90. What is f(-3)?
30
Let g(k) = 133*k - 740. Give g(11).
723
Let f(x) = 96*x**2 - 944*x - 22. Calculate f(9).
-742
Let t(j) = -149*j + 15784. What is t(106)?
-10
Let u(o) = -39*o - 2678. What is u(-18)?
-1976
Let o(n) = -55*n**2 - 39*n + 150. Calculate o(4).
-886
Let p(f) = -f**3 - 229*f**2 - 1068*f - 244577. Calculate p(-229).
-5
Let h(g) = 7206*g + 21343. Determine h(-3).
-275
Let u(r) = -r**3 + 104*r**2 + 1018*r - 156. Calculate u(113).
-43
Let n(u) = -u**3 + 34*u**2 - 252*u - 47. Determine n(23).
-24
Let r(q) = 69*q**3 - 409*q**2 - 31*q - 1. What is r(6)?
-7
Let o(n) = n**3 - 24*n**2 + 167*n - 5. What is o(8)?
307
Let n(t) = 2984*t - 29922. Calculate n(10).
-82
Let g(p) = 2*p**2 + 173*p + 3791. Calculate g(-68).
1275
Let a(s) = -6352*s - 57005. Calculate a(-9).
163
Let b(j) = -2203*j + 2157. Calculate b(1).
-46
Let m(d) = 29*d**2 - 1818*d - 106. What is m(63)?
461
Let b(p) = p**2 + 2201*p - 1192947. What is b(450)?
3
Let f(w) = 29*w**2 - 182*w + 917. Calculate f(5).
732
Let f(i) = -i**3 + 164*i**2 + 191*i - 3197. Give f(165).
1093
Let n(p) = -6134*p - 48994. What is n(-8)?
78
Let t(r) = -r**2 - 914*r - 11941. What is t(-13)?
-228
Let n(d) = -10*d**2 + 13450*d + 121850. Calculate n(-9).
-10
Let w(x) = -8*x**3 + 5*x**2 - 2025*x + 8111. Give w(4).
-421
Let t(z) = -16264*z - 38415575. Determine t(-2362).
-7
Let f(w) = -3678*w + 47793. Give f(13).
-21
Let s(f) = -2*f**3 + 75*f**2 - 81*f + 4518. What is s(38)?
-4
Let m(b) = 1086*b + 162934. Determine m(-150).
34
Let p(m) = -431*m + 17247. Calculate p(40).
7
Let j(b) = -27*b**2 - 119*b + 407. Calculate j(3).
-193
Let o(k) = 2*k**3 - 112*k**2 + 844*k - 36. Determine o(9).
-54
Let s(f) = -f**3 + 68*f**2 - 857*f - 42. Determine s(17).
128
Let l(h) = 4*h**3 + 162*h**2 - 1109*h - 13. Calculate l(6).
29
Let i(b) = -14*b**2 + 4926*b + 14786. Determine i(-3).
-118
Let w(g) = -g**2 + 7297*g + 95044. Calculate w(-13).
14
Let g(q) = -q**3 - 20*q**2 + 1401*q - 896. Calculate g(-49).
84
Let a(u) = -1718*u - 8511. Give a(-5).
79
Let h(y) = 17*y**3 - 81*y**2 - 127*y + 539. Calculate h(5).
4
Let l(p) = p**3 - 1905*p**2 + 43281*p + 123. Calculate l(23).
8
Let r(d) = -5464*d + 27994. Determine r(5).
674
Let a(q) = q**3 + 77*q**2 - 113*q - 45881. Calculate a(-69).
4
Let u(d) = d**2 + 16885*d - 152046. Determine u(9).
0
Let m(a) = -5*a**2 - 311*a - 4277. What is m(-21)?
49
Let k(u) = 6705*u + 2474055. Determine k(-369).
-90
Let b(g) = -125*g**3 + 3*g**2 - 2*g - 8. What is b(-2)?
1008
Let i(y) = 4*y**2 + 1461*y + 97591. Calculate i(-88).
-1
Let j(b) = -5860*b - 46865. Calculate j(-8).
15
Let r(c) = -17570*c + 825793. What is r(47)?
3
Let c(u) = 942*u + 2557. Calculate c(-2).
673
Let y(w) = -2*w**3 + 3270*w**2 - 86828*w - 127. What is y(27)?
-19
Let s(t) = 62*t**3 - 4526*t**2 - 13*t + 534. What is s(73)?
-415
Let t(s) = -93*s**2 - 4239*s - 21166. What is t(-5)?
-2296
Let j(q) = -50*q**2 + 237*q + 213. Determine j(6).
-165
Let b(n) = 25*n**2 - 1902*n + 146. Give b(76).
-6
Let v(i) = 2*i**2 - 130*i + 1385. Calculate v(48).
-247
Let r(v) = 9*v**2 - 1397*v - 81. Determine r(155).
-391
Let z(f) = 42285*f - 380570. Determine z(9).
-5
Let a(v) = -2*v**3 + 722*v**2 - 65109*v - 1932. Determine a(176).
4
Let f(o) = 5*o**2 + 151*o + 1424. What is f(-36)?
2468
Let d(p) = 1709*p - 170882. Calculate d(100).
18
Let g(s) = 4*s**2 - 197*s - 1227. Determine g(-6).
99
Let j(u) = -19*u**2 + 2151*u - 324. What is j(113)?
128
Let c(v) = 2*v**3 - 67*v**2 + 401*v + 65. What is c(27)?
1415
Let i(d) = -523*d**2 + 3516*d - 2267. Calculate i(6).
1
Let y(j) = 959*j - 608972. Determine y(635).
-7
Let u(k) = 70*k + 8190. Calculate u(-115).
140
Let y(a) = -a**3 - 47*a**2 + 78*a + 470. Calculate y(4).
-34
Let d(w) = -w**3 + 62*w**2 + 761*w - 50063. Determine d(61).
79
Let n(m) = -175*m**2 - 166*m + 308. What is n(-2)?
-60
Let u(o) = 35*o**2 - 51600*o + 14746. What is u(1474)?
6
Let f(p) = 2*p**3 - 546*p**2 - 33*p + 8905. Determine f(273).
-104
Let y(a) = -a**3 - 153*a**2 - 438*a - 20526. Determine y(-151).
10
Let d(x) = 35*x**3 - 120*x**2 - 162*x + 691. What is d(4)?
363
Let k(m) = -2*m**2 + 649*m + 66249. Give k(406).
71
Let b(l) = l**3 - 35*l**2 + 275*l + 648. What is b(18)?
90
Let s(u) = -43*u**2 + 360*u + 701. Give s(10).
1
Let m(p) = 2*p**2 - 370